))?
9
Let p = 126 - 124. What is the remainder when (9/p)/(-4 + (-131)/(-32)) is divided by 28?
20
Let n(t) = 335 + 8*t - 4*t**2 - 323 + t**3 - 6*t**2. Calculate the remainder when (36/3)/(-6)*-2 is divided by n(9).
1
What is the remainder when 715 - (-18)/18*2*1 is divided by 10?
7
Suppose -59*w + 656 = 23*w. Calculate the remainder when 2941 is divided by w.
5
Let j(i) = 133*i**2 - 3*i - 4. Let d be j(-1). Suppose d = -3*l + 9*l. What is the remainder when 173 is divided by l?
19
Let m(u) be the first derivative of 2*u**3/3 + 9*u**2/2 + 54. Let p(y) = 18*y - 2. What is the remainder when p(3) is divided by m(-6)?
16
Suppose -2*s = -5*a - 443, 3*s - 5*s - 3*a = -435. Let z = 496 - s. What is the remainder when z is divided by 71?
64
Suppose -a = -55 - 7. Let u = a + 2. Calculate the remainder when u is divided by 27.
10
Let u be ((-11)/66 + (-1)/2)*-159. Suppose 0 = -4*g - 4*r - 140, -6*r = 3*g - 2*r + u. What is the remainder when 30 is divided by (g/(-16)*4)/(1/2)?
13
Suppose 2*u + u - 18 = 0. Let y(n) = -21*n - 3. Let r(s) = 22*s + 3. Let k(c) = u*r(c) + 7*y(c). Calculate the remainder when k(-6) is divided by 22.
21
Let w = -1873 - -1903. What is the remainder when 32 is divided by w?
2
Let j = -13 - -18. Suppose -j*q - 5*c - 41 = -196, 33 = q + 2*c. Calculate the remainder when -7 + 9 - (-2 - 51) is divided by q.
26
Suppose -3*z - 2*n = -1133, -12*z = -11*z + 5*n - 382. Calculate the remainder when z is divided by (-30)/(-40) - (-154)/8.
17
Suppose 5*r - 4*j = 892, -5*r + 55*j = 60*j - 820. Calculate the remainder when r is divided by (74/1)/(1*2).
24
Let o(v) = -26*v - 123. Suppose 102 = q - 18*q. Calculate the remainder when 361 is divided by o(q).
31
Let s be 8 - (-488 - 6 - 8). Let m = s + -337. Calculate the remainder when m is divided by 9.
2
Let f(j) = 12*j + 3. Let v be 6 + (2 + 3 - (-4 + 7)). Suppose -4*q = 4*q - v. Calculate the remainder when f(q) is divided by 8.
7
Let g(k) = -16*k + 169. Let w(v) = v - 3. Let z(i) = -g(i) - 6*w(i). What is the remainder when z(18) is divided by 8 - (1 - (-1 + 0))?
5
Let b(n) = 358*n - 2099. Calculate the remainder when 1027 is divided by b(6).
47
Let w = -25 + 44. Let d(r) = 9*r - 70. Let n be 2 + (3 - 5)*-7. What is the remainder when d(n) is divided by w?
17
Let u = 19138 + -17642. What is the remainder when u is divided by 20?
16
Let s(z) = -492*z + 7912. What is the remainder when 2994 is divided by s(16)?
34
Let m = -95852 + 96353. What is the remainder when m is divided by -1 + -1 + (62 - -3)?
60
Let k = 146 - 138. Suppose -234 = -m - k*m. What is the remainder when m is divided by ((-27)/(-18))/(6/64)?
10
Let g(t) = -t**2 - 10*t - 3. Let m = 243 + -249. Calculate the remainder when 62/(-4)*1*-4 is divided by g(m).
20
Let x = -34 + 33. Let g(s) = s + 6. Let l be g(x). Suppose 36 = 2*a + l*d, 12 - 32 = -4*a + 3*d. What is the remainder when 29 is divided by a?
5
Suppose -5*k = -5*w + 8*w - 1634, 0 = 4*w + 4*k - 2176. Calculate the remainder when w is divided by 22.
15
Let u = -1873 - -1922. What is the remainder when 8276 is divided by u?
44
Suppose 69*m = 2748 + 4851 + 3648. What is the remainder when 270 is divided by m?
107
Let s(g) = -g**2 - 20*g + 50. Let b be s(-22). Let r = -1 - -21. What is the remainder when ((-133)/(-7))/(3/b) is divided by r?
18
Suppose -486*r = -483*r + 54. Calculate the remainder when 86 is divided by 85 - 12*r/(-24).
10
Let a be 5/(5/24)*18/24. Suppose -16*v + a = -13*v. What is the remainder when 29 + v/3 + -5 is divided by 10?
6
Suppose 5*h - 18*h + 235 + 688 = 0. Calculate the remainder when 18740 is divided by h.
67
Suppose -159*z + 13307 = -39*z - 15253. Calculate the remainder when 250 is divided by z.
12
Suppose -16*q + 143 = -33. Let l(r) = -1. Let s(f) = 4*f + 40. Let y(b) = 2*l(b) + s(b). Calculate the remainder when y(q) is divided by 28.
26
Calculate the remainder when 2015 + (14/(112/(-24)) - 0) is divided by 65.
62
Let y(k) = 2*k - 14. Let i = 667 + -570. What is the remainder when i is divided by y(16)?
7
Suppose -19*l + 42*l = 9384. What is the remainder when (l/68)/((-4)/(-362)) is divided by 16?
15
Let p = -6517 - -6570. Let n = 35 + -15. Calculate the remainder when p is divided by n.
13
What is the remainder when 18847 is divided by 6 - -14 - (48/12 + 3)?
10
Let i = 4 - 4. Let d(a) be the first derivative of -a**3/3 + a**2 + 22*a - 19. What is the remainder when 42 is divided by d(i)?
20
Let s(z) = z**3 - z**2 - 5*z - 3. Let n be s(3). Suppose u + 57 = 3*p - u, n = u. What is the remainder when 75 is divided by p?
18
Calculate the remainder when 473 is divided by (-1076)/(-11) + 0 - (-23 + (-1004)/(-44)).
81
Let t = -52 - -55. Suppose t*k = 8*k + 4*r - 7, -2*k = 3*r - 7. Calculate the remainder when 172 is divided by 2/1 - -39 - (-4 - k).
40
Let y(v) = 852*v - 35780. Let k(c) = 10*c - 2. What is the remainder when k(2) is divided by y(42)?
2
Suppose 4*h - 246 = -2*r + 2326, -4*r = 3*h - 5164. Calculate the remainder when r is divided by 24.
22
Let m = 18 - 15. Calculate the remainder when -10 - -142 - (0/(-3))/m is divided by 35.
27
Suppose -2*v = -2*m - 20, -4*v + 4*m = -v - 35. Suppose 3 = 3*c + 12, -v*f + 61 = 3*c. Calculate the remainder when 698 is divided by f.
12
Suppose 6*h + 25 = 49. Suppose -h*l = 4*t - 176, -3*l + 122 + 18 = 5*t. Suppose -2*x - 77 = -3*x. What is the remainder when x is divided by l?
37
Suppose 0 = 12*m - 15 + 3. What is the remainder when 50 is divided by m + 0 - (-26 + 8 + -3)?
6
Let g = 33 - -14. Let o(w) = -3*w + 82. Suppose -9*q + 396 = 9*q. Calculate the remainder when g is divided by o(q).
15
Suppose j = -5*g + 73, 5*j + 2*g + 84 = 472. Let p = j - 40. Calculate the remainder when p is divided by 27.
11
Suppose -2*q + 5*q - 5*j = 1172, -3*q + 1217 = 4*j. What is the remainder when q is divided by 2?
1
Suppose 331*b = 335*b - 36. Let z(m) = m**3 + 9*m**2 + 12*m - 6. What is the remainder when b is divided by z(-7)?
1
Let o = -32 + 29. Calculate the remainder when 2 is divided by o*16/12 + 6.
0
What is the remainder when (-568)/71 - 1*-9 - -2207 is divided by 65?
63
What is the remainder when (10*738/(-270))/((-6)/117) is divided by 108?
101
Let a = 305 - 262. Calculate the remainder when 769 is divided by a.
38
Let t = 3916 + -3832. Calculate the remainder when 148 is divided by t.
64
Let o = -3302 - -6661. What is the remainder when o is divided by 40?
39
Suppose -24*k + 153953 = 58*k - 1355. Calculate the remainder when k is divided by 7.
4
Let m(p) = 3*p - 2. Suppose -4175 - 3425 = -152*u. What is the remainder when u is divided by m(9)?
0
Let x = -199 + 192. Let t = 235 - 129. Calculate the remainder when t is divided by x - ((-1 - -2) + -44).
34
Let z = 39386 + -39034. Calculate the remainder when 19005 is divided by z.
349
Suppose 16*j = -69 + 277. Let z(c) = 40*c**2 - 4*c + 3. Calculate the remainder when z(2) is divided by j.
12
Suppose -9541 = -s - 28*s. Let k = -251 + s. Calculate the remainder when k is divided by 14.
8
What is the remainder when (0 + 48/(-84))*506289/(-12) is divided by 141?
139
Suppose 3*h - 192 = -y, -5*h - 4*y = y - 310. Let w = 39041 + -38986. What is the remainder when h is divided by w?
10
Let p = -3825 - -4978. Calculate the remainder when p is divided by 1140.
13
Suppose -2041 = 68*n - 80*n + 7751. Calculate the remainder when n is divided by 63.
60
Suppose 17*k - 5809 - 4850 = 0. Suppose 0 = 618*n - k*n + 216. Calculate the remainder when 117 is divided by n.
21
Let f(h) = -h - 6*h**2 - 1 + 18 - h**3 + 5*h**2. Let c be f(0). Calculate the remainder when c - ((3 - 7) + 3) is divided by 12.
6
Let s(z) = -88 - 3*z + 104 + z. Let v(k) = -k**3 - 7*k**2 - k - 3. Calculate the remainder when v(-7) is divided by s(6).
0
Suppose f - 632 = 3*j, -4*j + 258 = f - 346. Calculate the remainder when f is divided by 160.
140
Suppose 9*u - 121*u + 7168 = 0. Calculate the remainder when u is divided by 12/(-8)*(0 - 10).
4
Let f = -13 + 52. Let h(o) = o**2 + 81*o + 1402. Let d be h(-56). Suppose 4*a + d*q = -3*q + f, q = 3. Calculate the remainder when 16 is divided by a.
4
Suppose 227 = -69*i + 70*i - 2*g, -3*i - 5*g = -725. Calculate the remainder when i is divided by 38.
7
Let v(t) = 97*t**2 + 73*t - 159. Calculate the remainder when 1889 is divided by v(2).
14
Let g(p) = p - 